. Give x(-9).
4
Let v(f) = f**3 + 45931*f**2 + 321468*f - 13. Determine v(-7).
-13
Let f(s) = 30*s + 763. What is f(15)?
1213
Let q(b) = -1289*b - 703799. Determine q(-546).
-5
Let n(s) = 7*s**3 - 122*s**2 - 472*s + 8726. Calculate n(17).
-165
Let c(t) = 13*t**2 + 22*t - 603. Give c(-8).
53
Let k(g) = -681*g - 6523. Determine k(-10).
287
Let a(z) = 5*z**2 + 700*z + 3584. Calculate a(-132).
-1696
Let n(z) = 198*z**2 - 37031*z + 295. Determine n(187).
-640
Let q(r) = -r**2 - 16176*r + 97087. Determine q(6).
-5
Let m(k) = -72068*k + 21620404. Calculate m(300).
4
Let g(q) = q**3 + 21*q**2 + 314*q + 2345. What is g(-8)?
665
Let a(u) = 7161*u - 443991. Determine a(62).
-9
Let k(p) = 82*p**3 + 43*p**2 + 92*p - 2. Determine k(-2).
-670
Let c(i) = -237*i + 670. Determine c(-6).
2092
Let t(w) = 1145*w - 156842. Give t(137).
23
Let g(v) = 3416*v**2 + 215199*v - 586. Give g(-63).
-19
Let p(o) = -4*o + 310. Give p(46).
126
Let v(k) = -k**3 + 1077*k**2 + 11981*k - 14224. Give v(1088).
-80
Let m(s) = 38*s - 3276. Determine m(72).
-540
Let w(u) = 5*u**2 - 747*u + 13462. Calculate w(21).
-20
Let i(m) = -22*m**2 + 3594*m + 5933. Determine i(165).
-7
Let o(d) = 2*d**2 + 20058*d + 40103. Calculate o(-2).
-5
Let v(f) = 42*f + 302. What is v(-1)?
260
Let b(w) = 52*w**3 + w**2 - 458*w + 908. Determine b(2).
412
Let v(x) = -319*x - 42059. Determine v(-132).
49
Let p(x) = 70*x**2 - 9722*x - 428. Determine p(139).
684
Let s(l) = 51706*l - 42347217. What is s(819)?
-3
Let l(y) = y**3 - 40*y**2 + 400*y - 10894. Calculate l(37).
-201
Let t(r) = 363*r - 80607. What is t(222)?
-21
Let c(a) = -1266*a + 18947. Calculate c(15).
-43
Let m(t) = -10*t**2 - 681*t + 11. Give m(-69).
-610
Let q(a) = -11*a**2 - 904*a - 2476. Give q(-79).
289
Let v(h) = -3236*h + 24537. What is v(7)?
1885
Let c(x) = 31*x**2 + 2141*x + 302. What is c(-69)?
164
Let l(f) = 88*f + 23118. Give l(-260).
238
Let s(g) = g**2 - 8468*g + 4006409. What is s(503)?
14
Let f(c) = -c**2 + 204983*c - 1434831. Determine f(7).
1
Let w(k) = -2276*k - 259493. Give w(-114).
-29
Let y(w) = -72*w - 1025. Determine y(-24).
703
Let v(i) = -7*i**2 - 1482*i - 41272. Give v(-33).
11
Let i(w) = -5*w**2 - 13470*w - 134599. Determine i(-10).
-399
Let c(m) = -m**3 - 10*m**2 + 1347*m + 193. What is c(-42)?
67
Let l(m) = -m**3 + 111*m**2 + 754*m - 2750. Calculate l(117).
3334
Let m(o) = o**3 - 29*o**2 + 27*o + 268. Give m(27).
-461
Let r(a) = -5*a**2 + 234*a - 1233. Determine r(46).
-1049
Let d(f) = -203469*f - 13. What is d(0)?
-13
Let i(w) = 5591*w - 223658. What is i(40)?
-18
Let a(z) = -z**2 + 9761*z - 126718. Determine a(13).
6
Let p(f) = f**2 + 28*f - 29844. What is p(-187)?
-111
Let b(c) = -190*c - 2606. What is b(-17)?
624
Let t(r) = -4580*r - 4652. What is t(-1)?
-72
Let u(c) = 1045*c - 11856. Determine u(11).
-361
Let w(q) = 230*q**3 - 7*q**2 + 44*q - 65. What is w(2)?
1835
Let o(z) = 3*z**2 - 7688*z + 114535. Calculate o(15).
-110
Let s(k) = -9*k + 5287. Determine s(231).
3208
Let j(x) = 17*x**2 + 979*x - 229. Give j(-58).
177
Let h(l) = 711*l - 315085. Determine h(443).
-112
Let t(m) = 7*m**3 + 87*m**2 - 718*m - 289. Determine t(-18).
-1
Let s(p) = -11*p**3 - 549*p**2 - 393*p - 22137. Determine s(-50).
13
Let a(t) = t**3 - 8*t**2 + 5131*t - 51497. Give a(10).
13
Let s(f) = -4*f**3 + 19*f**2 + 43*f - 2. What is s(3)?
190
Let c(o) = -3*o**3 + 3983*o**2 - 39530*o - 10. Give c(10).
-10
Let f(x) = x**2 - 203*x - 10935. Give f(-41).
-931
Let y(l) = -32*l - 1568. What is y(-84)?
1120
Let o(a) = -a**2 + 250*a + 3154. Determine o(-12).
10
Let i(a) = 67*a**2 + 36*a - 58. Give i(-6).
2138
Let t(n) = 14625*n - 219260. Calculate t(15).
115
Let r(s) = 251459*s + 1508774. Calculate r(-6).
20
Let o(x) = 194*x - 485. What is o(-1)?
-679
Let h(g) = -g**2 + 77*g + 140. Give h(15).
1070
Let g(s) = -s**2 - 7980*s + 87890. Determine g(11).
-11
Let u(g) = -76951*g - 307795. Give u(-4).
9
Let z(u) = 17*u**2 - 480*u - 1456. Determine z(-3).
137
Let t(s) = 6*s**2 - 332*s + 126. Calculate t(55).
16
Let j(x) = -3*x**3 - 101*x**2 + 1106*x + 38583. Determine j(-33).
-93
Let f(x) = -121*x**2 + 13431*x + 3. Calculate f(111).
3
Let f(t) = 29*t**2 + 948*t + 1114. What is f(-27)?
-3341
Let p(d) = 161572*d - 807854. Determine p(5).
6
Let i(l) = -3*l**3 - 62*l**2 - 139*l - 15. Give i(-18).
-105
Let l(x) = -82*x**2 - 1864*x - 9507. Calculate l(-15).
3
Let l(j) = -123*j + 5617. What is l(47)?
-164
Let c(u) = 19*u**2 - 283*u + 28. What is c(16)?
364
Let z(o) = -14*o**2 + 7*o - 120. Calculate z(6).
-582
Let z(l) = l**3 + 105*l**2 + 2769*l + 497. Determine z(-52).
-179
Let q(d) = d**3 - 624*d**2 - 4189*d - 2461. Calculate q(-6).
-7
Let v(w) = w**3 - 18*w + 2479. Calculate v(0).
2479
Let v(p) = -p**3 + 231*p**2 + 2618*p + 10471. Calculate v(242).
-177
Let j(b) = 6*b**2 + 55*b - 220. Give j(-18).
734
Let g(h) = -2*h**2 + 274*h + 65520. What is g(-125)?
20
Let g(u) = -2935*u - 113949. Calculate g(-37).
-5354
Let g(b) = b**3 + 13*b**2 - 16*b + 17. Calculate g(1).
15
Let r(k) = -243*k**2 + 341*k + 292. What is r(2)?
2
Let x(v) = 10*v**2 - 286*v - 4033. Give x(-16).
3103
Let u(q) = 4873*q - 24371. Calculate u(5).
-6
Let z(f) = 183744*f - 551218. Give z(3).
14
Let d(a) = -5*a**2 - 3933*a + 313751. Calculate d(73).
-3
Let f(w) = 34*w**3 - 14*w**2 - 14*w + 26. Determine f(4).
1922
Let c(y) = y**3 + 7*y**2 - 6910*y - 34605. What is c(-5)?
-5
Let g(a) = 5000*a**2 - 6115*a - 6114. Give g(-1).
5001
Let h(x) = 60*x**2 - 1463*x - 5848. What is h(-4)?
964
Let g(p) = -15033*p + 56. Determine g(0).
56
Let q(w) = 8608*w - 154932. Give q(18).
12
Let t(b) = -92265*b**2 - 276798*b - 3. What is t(-3)?
6
Let d(b) = -424*b - 2887. Calculate d(-6).
-343
Let i(l) = 1264*l**3 + 45503*l**2 - 39*l - 114. What is i(-36)?
-6
Let x(w) = -128707*w - 514837. Determine x(-4).
-9
Let i(u) = -u**3 - 43*u**2 + 94*u + 9. Calculate i(-45).
-171
Let g(w) = 894256*w - 14308105. What is g(16)?
-9
Let a(u) = 947*u + 603251. What is a(-637)?
12
Let x(s) = 7601*s - 570082. What is x(75)?
-7
Let u(n) = -138*n + 5577. What is u(40)?
57
Let i(g) = -1862*g - 1627383. Calculate i(-874).
5
Let y(g) = -5*g**3 + 182*g**2 + 41*g - 4209. Give y(36).
-141
Let z(d) = 4*d**3 - 240*d**2 - 38*d - 25. What is z(60)?
-2305
Let x(l) = 653887*l + 7192770. Give x(-11).
13
Let s(v) = -5*v**2 - 11061*v + 1180245. Give s(102).
3
Let m(d) = 213*d**3 - 3*d**2 - 403*d + 797. Calculate m(2).
1683
Let v(y) = -1750*y + 15541. What is v(9)?
-209
Let w(u) = -38*u**3 - 9*u**2 + 24*u + 67. Calculate w(5).
-4788
Let p(l) = -4*l**3 - 7*l**2 + 1021*l + 2057. Determine p(-2).
19
Let r(h) = -1961*h + 23474. Give r(12).
-58
Let t(f) = -f**3 + 5*f**2 + 35*f - 246. Give t(11).
-587
Let b(p) = -p**3 + 110*p**2 - 7396*p + 775320. Calculate b(108).
-120
Let u(c) = -c**3 + 8*c**2 + 80*c - 16. Calculate u(11).
501
Let t(v) = 2*v**2 + 131*v - 2733. Determine t(-83).
172
Let w(a) = -a**3 - 23*a**2 - 1343*a - 30905. Give w(-23).
-16
Let v(j) = j**2 - 29256*j + 233997. What is v(8)?
13
Let q(o) = -14*o + 69. What is q(-1)?
83
Let i(b) = -3837*b - 103563. Determine i(-27).
36
Let b(g) = 11*g**3 + 97*g**2 + 7*g + 4. What is b(-9)?
-221
Let r(h) = -335*h + 63569. Calculate r(193).
-1086
Let s(z) = 22792*z - 11601125. Give s(509).
3
Let b(u) = 1246*u**2 - 2522*u + 90. Give b(2).
30
Let i(t) = t**3 + 248*t**2 + 712*t + 114832. What is i(-247)?
-23
Let n(s) = 461*s - 202. What is n(2)?
720
Let d(p) = 961*p**3 + p**2 - 3. Calculate d(-1).
-963
Let q(l) = 4314369*l - 4314371. Give q(1).
-2
Let a(m) = -m**2 + 1121*m - 250917. Give a(309).
-9
Let l(f) = -f**3 + 99*f**2 - 1251*f + 146724. What is l(101)?
-29
Let m(x) = 133*x**3 + 83*x**2 - 361*x + 17. Calculate m(-2).
7
Let h(x) = 1851*x + 40737. What is h(-22)?
15
Let q(j) = -10*j**3 - 38*j**2 - 17*j - 54. Calculate q(-4).
46
Let d(x) = x**2 + 482536*x + 5790259. What is d(-12)?
-29
Let d(t) = 68*t**2 + 294*t + 1374. Determine d(-5).
1604
Let b(l) = -5*l**2 + 162*l + 81. Determine b(24).
1089
Let j(a) = 39*a**3 + 215*a**2 + 16*a - 3. Give j(-6).
-783
Let l(m) = 2020*m + 329289. Calculate l(-163).
29
Let u(a) = -a**2 + 2568*a + 373345. Determine u(-138).
-83
Let v(p) = -1097*p + 5242. Give v(5).
-243
Let d(q) = -590*q - 64300. Determine d(-109).
10
Let p(y) = y**3 - 19421*y**2 - 136000*y - 13. Calculate p(-7).
15
L